{"id":236965,"date":"2024-10-30T18:16:56","date_gmt":"2024-10-30T16:16:56","guid":{"rendered":"http:\/\/mascassport.com\/prodotto\/ua-storm-liner\/"},"modified":"2026-02-10T13:51:08","modified_gmt":"2026-02-10T11:51:08","slug":"ua-storm-liner","status":"publish","type":"product","link":"https:\/\/mascassport.com\/?product=ua-storm-liner","title":{"rendered":"UA STORM LINER"},"content":{"rendered":"<p>\n  Colore: Black\n<\/p>\n<p>\n  <span>&nbsp;&nbsp;&nbsp;&nbsp;&nbsp;&nbsp;&nbsp;&nbsp;&nbsp;&nbsp;&nbsp;&nbsp;&nbsp;<br \/>\n  <\/span>Violet\n<\/p>\n<p>\n  Materiale esterno: Poliestere\/Elastan\n<\/p>\n<p>\n  &nbsp;\n<\/p>\n<p>\n  &nbsp;\n<\/p>\n<p>\n  Caratteristiche:\n<\/p>\n<p>\n  &#8211; guanti sottili e aderenti che possono essere indossati da soli o come strato di<br \/>\n  base sotto guanti pi\u00f9 pesanti in condizioni pi\u00f9 rigide\n<\/p>\n<p>\n  &#8211; finitura UA Storm che respinge la pioggia e la neve senza compromettere la traspirabilit\u00e0\n<\/p>\n<p>\n  &#8211; morbido tessuto ColdGear EVO che offre un calore eccezionale senza peso aggiuntivo\n<\/p>\n<p>\n  &#8211; sistema di trasporto del sudore verso l&#8217;esterno <span>&nbsp;<\/span>che<br \/>\n  espelle il sudore allontanandolo dal corpo\n<\/p>\n<p>\n  &#8211; stampa Tech Touch sui pollici e sulle dita che consente di utilizzare i dispositivi<br \/>\n  con schermo a sfioramento senza togliere i guanti\n<\/p>\n<p>\n  <span><\/span>&#8211; polsini affusolati per maggiore protezione<br \/>\n  e per una vestibilit\u00e0 aderente e confortevole\n<\/p>\n<p>\n  &#8211;<span> <\/span>logo e dettagli riflettenti per maggiore<br \/>\n  visibilit\u00e0\n<\/p>\n<p>\n  &nbsp;<\/p>\n","protected":false},"excerpt":{"rendered":"<p>Colore: Black &nbsp;&nbsp;&nbsp;&nbsp;&nbsp;&nbsp;&nbsp;&nbsp;&nbsp;&nbsp;&nbsp;&nbsp;&nbsp; Violet Materiale esterno: Poliestere\/Elastan &nbsp; &nbsp; Caratteristiche: &#8211; guanti sottili e aderenti che possono essere indossati da soli o come strato di base sotto guanti pi\u00f9 pesanti in condizioni pi\u00f9 rigide &#8211; finitura UA Storm che respinge la pioggia e la neve senza compromettere la traspirabilit\u00e0 &#8211; morbido tessuto ColdGear EVO che [&hellip;]<\/p>\n","protected":false},"featured_media":236447,"comment_status":"closed","ping_status":"closed","template":"","meta":[],"product_brand":[],"product_cat":[15875,15876,15874],"product_tag":[],"class_list":{"0":"post-236965","1":"product","2":"type-product","3":"status-publish","4":"has-post-thumbnail","6":"product_cat-accessori","7":"product_cat-allenamento","8":"product_cat-altro","10":"first","11":"instock","12":"shipping-taxable","13":"purchasable","14":"product-type-variable"},"_links":{"self":[{"href":"https:\/\/mascassport.com\/index.php?rest_route=\/wp\/v2\/product\/236965","targetHints":{"allow":["GET"]}}],"collection":[{"href":"https:\/\/mascassport.com\/index.php?rest_route=\/wp\/v2\/product"}],"about":[{"href":"https:\/\/mascassport.com\/index.php?rest_route=\/wp\/v2\/types\/product"}],"replies":[{"embeddable":true,"href":"https:\/\/mascassport.com\/index.php?rest_route=%2Fwp%2Fv2%2Fcomments&post=236965"}],"wp:featuredmedia":[{"embeddable":true,"href":"https:\/\/mascassport.com\/index.php?rest_route=\/wp\/v2\/media\/236447"}],"wp:attachment":[{"href":"https:\/\/mascassport.com\/index.php?rest_route=%2Fwp%2Fv2%2Fmedia&parent=236965"}],"wp:term":[{"taxonomy":"product_brand","embeddable":true,"href":"https:\/\/mascassport.com\/index.php?rest_route=%2Fwp%2Fv2%2Fproduct_brand&post=236965"},{"taxonomy":"product_cat","embeddable":true,"href":"https:\/\/mascassport.com\/index.php?rest_route=%2Fwp%2Fv2%2Fproduct_cat&post=236965"},{"taxonomy":"product_tag","embeddable":true,"href":"https:\/\/mascassport.com\/index.php?rest_route=%2Fwp%2Fv2%2Fproduct_tag&post=236965"}],"curies":[{"name":"wp","href":"https:\/\/api.w.org\/{rel}","templated":true}]}}