{"id":235802,"date":"2024-10-30T17:34:40","date_gmt":"2024-10-30T15:34:40","guid":{"rendered":"http:\/\/mascassport.com\/prodotto\/errea-essential-ss18-woman-pois-bi-colour-short\/"},"modified":"2025-08-06T12:57:12","modified_gmt":"2025-08-06T10:57:12","slug":"errea-essential-ss18-woman-pois-bi-colour-short","status":"publish","type":"product","link":"https:\/\/mascassport.com\/?product=errea-essential-ss18-woman-pois-bi-colour-short","title":{"rendered":"ERREA ESSENTIAL SS18 WOMAN POIS BI-COLOUR SHORT"},"content":{"rendered":"<p>\n  <span lang=\"EN-US\">Colore: Black\/Fuxia<\/span>\n<\/p>\n<p>\n  <span lang=\"EN-US\"><span>&nbsp;&nbsp;&nbsp;&nbsp;&nbsp;&nbsp;&nbsp;&nbsp;&nbsp;&nbsp;&nbsp;&nbsp;<br \/>\n  <\/span><span>&nbsp;<\/span>Blue\/Green<\/span>\n<\/p>\n<p>\n  <span lang=\"EN-US\">Materiale esterno: 100% Poliestere<\/span>\n<\/p>\n<p>\n  <span lang=\"EN-US\">&nbsp;<\/span>\n<\/p>\n<p>\n  Caratteristiche:\n<\/p>\n<p>\n  &#8211; ispirati al mondo del running, ideali per le giornate di relax\n<\/p>\n<p>\n  &#8211; realizzati in tessuto leggero, solitamente utilizzato per l&#8217;abbigliamento da gara,<br \/>\n  garantiscono un&rsquo;ottima traspirabilit\u00e0 e comodit\u00e0\n<\/p>\n<p>\n  &#8211; fascia elasticizzata con lacci in vita che assicura una vestibilit\u00e0 confortevole<br \/>\n  e duratura\n<\/p>\n<p>\n  &#8211; costruzione con spacchetti laterali che offre un&#8217;ottima libert\u00e0 di movimento\n<\/p>\n<p>\n  &nbsp;<\/p>\n","protected":false},"excerpt":{"rendered":"<p>Colore: Black\/Fuxia &nbsp;&nbsp;&nbsp;&nbsp;&nbsp;&nbsp;&nbsp;&nbsp;&nbsp;&nbsp;&nbsp;&nbsp; &nbsp;Blue\/Green Materiale esterno: 100% Poliestere &nbsp; Caratteristiche: &#8211; ispirati al mondo del running, ideali per le giornate di relax &#8211; realizzati in tessuto leggero, solitamente utilizzato per l&#8217;abbigliamento da gara, garantiscono un&rsquo;ottima traspirabilit\u00e0 e comodit\u00e0 &#8211; fascia elasticizzata con lacci in vita che assicura una vestibilit\u00e0 confortevole e duratura &#8211; costruzione con [&hellip;]<\/p>\n","protected":false},"featured_media":235496,"comment_status":"closed","ping_status":"closed","template":"","meta":[],"product_brand":[],"product_cat":[16166,16193,16389],"product_tag":[],"class_list":{"0":"post-235802","1":"product","2":"type-product","3":"status-publish","4":"has-post-thumbnail","6":"product_cat-abbigliamento-2","7":"product_cat-donna-abbigliamento-2","8":"product_cat-pantaloncino-donna-abbigliamento-2-abbigliamento-2-5","10":"first","11":"instock","12":"shipping-taxable","13":"purchasable","14":"product-type-variable"},"_links":{"self":[{"href":"https:\/\/mascassport.com\/index.php?rest_route=\/wp\/v2\/product\/235802","targetHints":{"allow":["GET"]}}],"collection":[{"href":"https:\/\/mascassport.com\/index.php?rest_route=\/wp\/v2\/product"}],"about":[{"href":"https:\/\/mascassport.com\/index.php?rest_route=\/wp\/v2\/types\/product"}],"replies":[{"embeddable":true,"href":"https:\/\/mascassport.com\/index.php?rest_route=%2Fwp%2Fv2%2Fcomments&post=235802"}],"wp:featuredmedia":[{"embeddable":true,"href":"https:\/\/mascassport.com\/index.php?rest_route=\/wp\/v2\/media\/235496"}],"wp:attachment":[{"href":"https:\/\/mascassport.com\/index.php?rest_route=%2Fwp%2Fv2%2Fmedia&parent=235802"}],"wp:term":[{"taxonomy":"product_brand","embeddable":true,"href":"https:\/\/mascassport.com\/index.php?rest_route=%2Fwp%2Fv2%2Fproduct_brand&post=235802"},{"taxonomy":"product_cat","embeddable":true,"href":"https:\/\/mascassport.com\/index.php?rest_route=%2Fwp%2Fv2%2Fproduct_cat&post=235802"},{"taxonomy":"product_tag","embeddable":true,"href":"https:\/\/mascassport.com\/index.php?rest_route=%2Fwp%2Fv2%2Fproduct_tag&post=235802"}],"curies":[{"name":"wp","href":"https:\/\/api.w.org\/{rel}","templated":true}]}}