{"id":34726,"date":"2022-12-10T07:28:19","date_gmt":"2022-12-10T07:28:19","guid":{"rendered":"http:\/\/mascassport.com\/?page_id=34726"},"modified":"2022-12-10T07:28:19","modified_gmt":"2022-12-10T07:28:19","slug":"affiliazione","status":"publish","type":"page","link":"https:\/\/mascassport.com\/?page_id=34726","title":{"rendered":"Affiliazione"},"content":{"rendered":"\n<figure class=\"wp-block-image size-full\"><img fetchpriority=\"high\" decoding=\"async\" width=\"958\" height=\"455\" src=\"http:\/\/mascassport.com\/wp-content\/uploads\/2022\/12\/Loyalty-rrwards.jpg\" alt=\"\" class=\"wp-image-41\" srcset=\"https:\/\/mascassport.com\/wp-content\/uploads\/2022\/12\/Loyalty-rrwards.jpg 958w, https:\/\/mascassport.com\/wp-content\/uploads\/2022\/12\/Loyalty-rrwards-600x285.jpg 600w, https:\/\/mascassport.com\/wp-content\/uploads\/2022\/12\/Loyalty-rrwards-300x142.jpg 300w, https:\/\/mascassport.com\/wp-content\/uploads\/2022\/12\/Loyalty-rrwards-768x365.jpg 768w\" sizes=\"(max-width: 958px) 100vw, 958px\" \/><\/figure>\n\n\n\n<p>Il programma di affiliazione di MASCA\u2019S SPORT ti d\u00e0 la possibilit\u00e0 di guadagnare punti e sconti gi\u00e0 dal primo acquisto effettuato.<br>Come funziona:<br>Crea il tuo account in pochi semplici passi e ti invieremo dopo la registrazione il tuo codice sconto del 15% da utilizzare per un ordine successivo.<\/p>\n\n\n\n<p>Per ogni euro speso riceverai un punto e raggiunto i 100 punti riceverai un buono di 5 \u20ac.<\/p>\n\n\n\n<p><a href=\"http:\/\/mascassport.com\/wp-admin\/profile.php\">Iscriviti subito!<\/a><\/p>\n","protected":false},"excerpt":{"rendered":"<p>Il programma di affiliazione di MASCA\u2019S SPORT ti d\u00e0 la possibilit\u00e0 di guadagnare punti e sconti gi\u00e0 dal primo acquisto effettuato.Come funziona:Crea il tuo account in pochi semplici passi e ti invieremo dopo la registrazione il tuo codice sconto del 15% da utilizzare per un ordine successivo. Per ogni euro speso riceverai un punto e [&hellip;]<\/p>\n","protected":false},"author":1,"featured_media":0,"parent":0,"menu_order":0,"comment_status":"closed","ping_status":"closed","template":"","meta":{"footnotes":""},"class_list":["post-34726","page","type-page","status-publish","hentry"],"_links":{"self":[{"href":"https:\/\/mascassport.com\/index.php?rest_route=\/wp\/v2\/pages\/34726","targetHints":{"allow":["GET"]}}],"collection":[{"href":"https:\/\/mascassport.com\/index.php?rest_route=\/wp\/v2\/pages"}],"about":[{"href":"https:\/\/mascassport.com\/index.php?rest_route=\/wp\/v2\/types\/page"}],"author":[{"embeddable":true,"href":"https:\/\/mascassport.com\/index.php?rest_route=\/wp\/v2\/users\/1"}],"replies":[{"embeddable":true,"href":"https:\/\/mascassport.com\/index.php?rest_route=%2Fwp%2Fv2%2Fcomments&post=34726"}],"version-history":[{"count":1,"href":"https:\/\/mascassport.com\/index.php?rest_route=\/wp\/v2\/pages\/34726\/revisions"}],"predecessor-version":[{"id":34727,"href":"https:\/\/mascassport.com\/index.php?rest_route=\/wp\/v2\/pages\/34726\/revisions\/34727"}],"wp:attachment":[{"href":"https:\/\/mascassport.com\/index.php?rest_route=%2Fwp%2Fv2%2Fmedia&parent=34726"}],"curies":[{"name":"wp","href":"https:\/\/api.w.org\/{rel}","templated":true}]}}